e -10*h = -12*h + z. Give o(h).
1
Let w(h) = -3*h**2 + 36*h - 2. Let g(d) = -d**2 + 15*d - 1. Let o(y) = 5*g(y) - 2*w(y). Let x(c) = -c**2 - 3*c + 1. Let j be x(-4). Determine o(j).
-1
Let h(i) = i + 33. Let z(w) = -w - 42. Let x(g) = -6*h(g) - 5*z(g). Give x(4).
8
Let x(n) be the third derivative of -3*n**4/8 - n**3/6 + n**2 + 37. Let p = 1 - 2. Give x(p).
8
Let r(x) be the third derivative of x**6/30 + x**5/60 + x**4/24 - x**2 + 82. Give r(-1).
-4
Suppose 2*d = d - 7. Let m(i) = 1 - 14*i + 35*i - 22*i. Give m(d).
8
Let s = 13 + -22. Let j = -6 - s. Suppose -3*b - 15 = -j. Let c(q) = -q**2 - 8*q + 1. Calculate c(b).
17
Let b be (-2071)/(-763) + (4/7)/2. Let x = -4 + 9. Let i(t) = t**b - 2*t - x*t + 9 + 2*t - 1 + 5*t**2. Calculate i(-6).
2
Suppose -2*r = s + 1 - 2, -3*s + r - 25 = 0. Let o(p) = -p**2 - 8*p + 6. What is o(s)?
13
Suppose 2*r + 3*r - 35 = 0. Let s(o) be the first derivative of -r + 3*o**2 + 8 - 2*o**2. Calculate s(-2).
-4
Suppose r - 2*l = 3*r + 8, 4*r + 23 = 3*l. Let u(w) be the second derivative of w**5/20 + 5*w**4/12 + w**3/3 - 3*w**2 + 6*w. Give u(r).
-16
Let u(f) be the second derivative of f**3/3 - 3*f**2/2 - 103*f - 1. Calculate u(-5).
-13
Let c(m) = -3 - 3 + 0 - 3*m**2 + 5 + 3*m**3 + m. Suppose 18 = -3*x + 3, 3*t + 19 = -5*x. Give c(t).
13
Suppose -4*j = 6*j + 20. Let v(t) = -2*t**3 + t**2 + 2*t. Give v(j).
16
Let w(v) be the second derivative of v**5/20 - 7*v**4/12 - 5*v**3/6 + 4*v**2 + 15*v - 4. What is w(8)?
32
Let r(g) = g**2 + 53 - 109 + 51 + 11*g. Determine r(-11).
-5
Let q(w) = w. Let c(o) = o**2 - 7. Let h(d) = c(d) - 6*q(d). Determine h(6).
-7
Suppose 0 = -0*o + 2*o - 2*l - 96, l = -4*o + 197. Suppose -7*i + o = -21. Let q(f) = f**3 - 9*f**2 - 11*f. Give q(i).
-10
Let a(j) = 8 + 266*j + 261*j - 528*j. Calculate a(9).
-1
Suppose 0 = -k - 47 + 43. Let f(c) = 3*c**2 - c - 5. Give f(k).
47
Suppose 3*j - 40 - 5 = 0. Suppose 0 = 5*w + m - j, 4*w = -0*w - 4*m - 4. Let y(u) = u**3 - 2*u - 3*u - 3*u**2 + 0*u**3. What is y(w)?
-4
Let n(q) = q + 1. Let v(m) = -m**2 + 11*m + 9. Let p be v(12). Let b(l) = 2*l + 10. Let r(d) = p*n(d) + b(d). Suppose 0 = -0*k - 4*k + 20. Determine r(k).
2
Let r(b) = -13*b - 12*b + 4*b - b. Let u = 436 - 437. What is r(u)?
22
Let y(v) = -v + 16. Let g be 2/((-8)/(-58)) - (-79)/(-158). What is y(g)?
2
Let t be 5005/637 + 8/7. Let n(w) = -2*w**2 + 18*w - 2. Determine n(t).
-2
Let a be (16/10)/((-16)/200). Let f be 16/a + 133/35. Let u(q) = 6*q - 3. What is u(f)?
15
Let y(o) be the third derivative of o**4/12 + o**3/2 + 364*o**2. What is y(3)?
9
Let l(x) be the third derivative of -5/3*x**3 - 13*x**2 + 0 - 1/60*x**5 + 0*x + 1/2*x**4. Calculate l(11).
1
Let p be 354/(-12)*(-2)/1. Let u = p - 59. Let m(h) be the first derivative of -h**3/3 + h**2/2 - 8*h + 2. Calculate m(u).
-8
Let v(h) = 4*h**2 + h - 2. Suppose -7*q = -231 + 217. Determine v(q).
16
Let w(o) = -58*o - 528. Let g be w(-9). Let z(c) = c**2 + 6*c + 2. What is z(g)?
2
Let f be 7 + 61/(-9) - (-102)/27. Let x(k) = k**2 - 4*k - 3. Give x(f).
-3
Let n = 20 - 27. Let l(k) = -k - 2. Let p(c) = -4*c - 7. Let m(h) = n*l(h) + 2*p(h). Give m(3).
-3
Let k(b) be the third derivative of b**8/6720 + b**7/2520 + b**6/720 + b**5/120 + b**4/8 - 19*b**2. Let z(a) be the second derivative of k(a). What is z(-1)?
0
Let k(t) = t**3 + 5*t**2 - 2*t - 1. Let j(d) = -d + 3. Let b(l) = -2*j(l) - k(l). What is b(-6)?
7
Let f(c) be the second derivative of -c**3/2 - 13*c**2/2 - c + 6. Calculate f(-9).
14
Let y(g) = -6 + 4*g - 11 - 3*g - 11 + 22. Let b = 9 + -1. Determine y(b).
2
Suppose -t + 7 = 2*w, 31 = 3*t - 2*w + 3*w. Let v(g) = g - 3. Calculate v(t).
8
Let y(m) = 25158 - 9*m - 5*m**3 - 25145 + 4*m**3 + 10*m**2. Calculate y(9).
13
Let p(l) be the first derivative of -l**4/12 + l**3/3 + l**2 + 36*l + 49. Let t(i) be the first derivative of p(i). Calculate t(-2).
-6
Suppose 2*r = -5*k + 25, -3*k + 15 = 2*r + r. Let n(h) be the third derivative of -2/3*h**3 - k*h**2 + 0 + 1/8*h**4 + 0*h. Calculate n(3).
5
Let i(a) = -a**2 - a + 1. Let x(d) = 14*d + 2*d**2 - 3*d**2 - 22*d - 6. Let g be x(-7). What is i(g)?
-1
Let b(p) be the third derivative of p**4/24 - p**3/6 + 10*p**2 + 3. Give b(3).
2
Suppose -4*l + a + 12 = 0, -32 = -3*l - 2*l - 3*a. Suppose l = -0*j + 2*j. Let h(i) = 2*i + 2. Calculate h(j).
6
Let g(q) be the first derivative of -5*q**2/2 - 6*q - 19. Let k(r) = r + 1. Let t(d) = -g(d) - 3*k(d). Give t(-3).
-3
Let f(o) = o**3 + 6*o**2 - 9*o + 5. Let w be (0 + (-3)/6)*44/2. Let g = w - -4. Calculate f(g).
19
Let i(v) = v - 1. Let x be (-8)/(-10) - 64/(-20). Give i(x).
3
Let y(k) = -k**2 + 11*k + 12. Let v be y(11). Let m be (5 - 1)*9/v. Let f(o) = 14*o**3 + 2*o - 8*o**3 - 3 - m*o**2 - 5*o**3. Calculate f(3).
3
Let c(x) = 3*x - 2*x - 112 + 114 + x. Give c(3).
8
Let l(h) = h**2 - 7. Let i be l(-5). Let o(n) = -2*n - 6*n + 3*n + 4*n - i. Give o(-10).
-8
Let i(q) = -q**3 - 8*q**2 - 13*q + 1. Let x be (-4)/((-48)/(-78)) + 4/8. Determine i(x).
7
Let r = 262 - 265. Let k(u) = u**2 + 8*u + 4. Determine k(r).
-11
Let t = 110 - 105. Let z = -3 - 0. Let j(y) = 2*y**2 + 3*y + 2. Let b(n) = n**2 - n. Let g(c) = z*b(c) + j(c). Give g(t).
7
Let x = 113 + -108. Suppose -2*l - 5*j = 3*l - x, -8 = -4*l - 3*j. Let i(q) = -q + 4. What is i(l)?
-1
Let s = 23 - 21. Let w(g) = g**3 - 2*g**2 + 3*g - 2. Give w(s).
4
Let q(i) = i + 8. Let u(m) = -m**3 + 4*m**2 - 2*m + 4. Let j be u(3). Suppose -42 = -5*z - j. Suppose -z*n + 3*n = -4*x - 40, -5*x - 20 = n. Determine q(x).
3
Suppose 30*q - 5*q - 120 = 5*q. Let l(b) be the second derivative of -b**4/12 + 3*b**3/2 - 3*b**2 + b. Calculate l(q).
12
Let t(p) = p**3 + 3*p**2 - 2*p - 1. Let m = 183 + -186. Give t(m).
5
Let g = -54 - -80. Suppose -22 = -6*p + g. Let i(b) = b**3 - 9*b**2 + 8*b + 1. Give i(p).
1
Let u(n) = n - 17. Let c(z) = 2*z**2 + 4*z - 10. Let h be c(2). Determine u(h).
-11
Let d be (-2)/(-19) - (-405)/(-57). Let t(l) = -l**2 - 9*l - 6. Determine t(d).
8
Suppose -3 = -s - 0. Let t(g) = -g**3 + 2*g**2 + 4*g + 1. Let a be t(s). Let u(i) = 5*i + 4. What is u(a)?
24
Let f(x) = -3 - 8 + 7 + x**2 + 7 - 4. Calculate f(2).
3
Suppose 0 = 2*v + z + z, -21 = 5*v - 2*z. Let p be (-6)/15 - 12/(-5). Let r(b) = -b**p + 0*b - 2*b - 2*b - 4. Calculate r(v).
-1
Let c(t) = -t**3 - 7*t**2 + 10. Let w be c(-7). Let k be w + (1/(-1) - -1). Let f be (-1 + -2)/(k/20). Let m(i) = -i**3 - 5*i**2 + 5*i. Give m(f).
6
Let m(b) = -b**3 + 11*b**2 - 10*b + 5. Let q be m(10). Suppose 10 = q*g - 10. Let c be 36/(-21) + g/(-14). Let n(h) = -h**3 + 3*h + 1. Calculate n(c).
3
Let x be (-2)/6*0 + -6. Let w be 2/4 + 33/x. Let k(o) = -o**3 - 5*o**2 + 3*o + 6. What is k(w)?
-9
Let s(z) = -z**3 - z**2 + 3*z - 1. Let v be s(-3). Suppose g = -5 + v. Let r(j) = -2*j**3 + 4*j**3 - j + 2*j**2 + 2*j**3 - 3*j**g. Give r(-3).
-6
Let c(j) = -j**3 + 12*j**2 + 2*j - 21. Let z be c(12). Let b(n) = 16*n**3 + 1 + 16*n**z - 33*n**3 + 4*n**2 - 3*n. Give b(2).
3
Let l(y) = 13606 - y**2 + 2*y**2 - 13607 - 10*y**3. Calculate l(1).
-10
Let f(k) be the third derivative of k**5/60 - k**4/24 + k**2. Let b(z) = -z**2 - 11*z + 1. Let y be b(-11). Calculate f(y).
0
Let t = 73 - 67. Suppose -6*u + 5 = -x - 2*u, 3*u - t = 0. Let b(w) = -4*w**2 + 2 - 5 + 5*w**2. Determine b(x).
6
Let r(v) be the first derivative of -v**4/4 + 2*v**3 + 2*v**2 + 6*v - 162. Give r(5).
51
Let w(b) be the third derivative of -b**4/12 + b**3/6 + b**2. Suppose 3 = -3*t + 3*v, 3*t + 12 = -4*v + 9. Calculate w(t).
3
Let c(n) = 5*n + 17. Let d be c(-8). Let s = d + 32. Let r(k) = -k - 9 + s + 10. Calculate r(6).
4
Let w(p) = -10*p**3 - p**2 - p. Suppose -2*m - 3*m - 13 = c, 3*c + 17 = -4*m. Let n be 4/1 - 8 - c. Determine w(n).
10
Suppose -6*u + 6 = -6. Let o(w) = -62*w**2 + u + 26*w**2 - w**3 - 2*w + 31*w**2. What is o(-4)?
-6
Let w(f) = -2*f - 12. Let n be w(-5). Let b be 15 + (n - 0) - 3. Suppose -b = 6*u - u. Let v(o) = -6*o - 1. Calculate v(u).
11
Let y(x) = 2*x - 1. Let v(z) = -2*z. Let r(s) = 2*v(s) + 3*y(s). Suppose 0 = t - 6 + 4. Determine r(t).
1
Let r be (26/4)/((26/4)/(-13)). Let m(i) = i**2 + 13*i + 10. Give m(r).
10
Let u = 420 + -298. Let b = -122 + u. Let z(m) = -m**2 + m - 5. Determine z(b).
-5
Let q = -1408 - -1423. Let r(p) = -p**3 + 13*p**2 + 30*p - 5. Determine r(q).
-5
Let s(q) = -9*q - q**2 + 6*q 